 common factor of d and 5?
5
Suppose 21 = k - 4*w - 5, -3*w = 3*k - 3. Let n = 11 - k. Let i be 72/9 + -8 + 5. Calculate the highest common factor of n and i.
5
Let c be 1 - (1 + 1) - (-8)/2. Let x be 106 - (0 + (1 + c)/2). What is the highest common factor of x and 26?
26
Let n(k) = 14*k + 343. Let i be n(-6). Calculate the greatest common factor of i and 74.
37
Suppose 23 = 2*h + 107. Let k be -3 - h/8*(-12)/(-1). Suppose 3*c - 30 = 3*m, -3*c = -0*c - 2*m - 30. What is the greatest common factor of k and c?
10
Let d(n) = -2*n - 54. Let x(z) = -z - 27. Let t(r) = -3*d(r) + 5*x(r). Let v be t(-7). Calculate the greatest common factor of 40 and v.
20
Let d be ((-748)/12)/((-3)/9). Calculate the highest common factor of 22 and d.
11
Suppose -2*d - 27 + 69 = 0. Suppose -4*t + 0*t + 148 = 0. Suppose 2*x - 32 = -3*h, -4*h + 113 = -4*x + t. What is the greatest common factor of d and h?
7
Let a = 3 + 0. Suppose 0*s = a*s, 4*x = s + 8. Suppose 12 = 2*l + x. What is the greatest common factor of l and 15?
5
Let b(r) = -r**3 + 16*r**2 + 6*r - 453. Let h be b(13). Let q be (-6)/4*8/(-6). Suppose 0 = -0*j + q*j - 66. What is the highest common divisor of j and h?
33
Let r = 34 - 32. Suppose 0 = -g + r*g - 20. Suppose 9 = 4*l + 1. Calculate the highest common factor of g and l.
2
Suppose 12*y + 5*m - 20 = 9*y, -2*m = 10. Calculate the highest common divisor of y and 435.
15
Let m = -1736 + 1971. Calculate the greatest common divisor of m and 94.
47
Let o be (-11)/(-6 - (-925)/155). Calculate the greatest common divisor of 22 and o.
11
Let w = -28 - -46. Suppose -t + k = 4, 4*t - 4*k = 2*t - w. Suppose 2*h = -t + 21. What is the greatest common factor of 20 and h?
10
Let v = 14 - 23. Let b be (18 + 18)/((v/2)/(-3)). Calculate the highest common divisor of b and 168.
24
Let s = -6 - -9. Suppose -s*a - 2*q = 2*a - 352, 0 = q + 4. What is the highest common divisor of 24 and a?
24
Suppose 0 = 16*n - 213 - 587. Let b(t) = -9*t**3 + t**2. Let m be b(-1). What is the highest common factor of m and n?
10
Suppose 5*d - 53 - 12 = 0. Let z = 1 + d. Calculate the highest common factor of z and 56.
14
Suppose 0 = -0*i - i. Suppose i = -z + 5*z + 256. Let g = 89 + z. Calculate the highest common factor of g and 10.
5
Let x(r) = -r**3 + 12*r**2 - 25*r - 5. Let a be x(5). What is the greatest common divisor of 480 and a?
15
Suppose 3837 = 10*g - 3423. What is the highest common divisor of g and 33?
33
Let v be (-5 - -23)*14/3. Let q = 94 - v. What is the greatest common divisor of 5 and q?
5
Suppose 5*q - 30 = -3*a, q - 4 = a - 2*q. Suppose -a*y = y - 180. What is the highest common divisor of y and 45?
15
Let h(q) = -q**3 + 8*q**2 + 2. Let g be h(8). Calculate the greatest common factor of g and 33.
1
Suppose 20 = -4*o + 9*o. Let j be (-102)/(-9) + o/6. Let a be 134 - (-1)/(2/(-4)). Calculate the highest common divisor of a and j.
12
Suppose -5*m - 3978 = -18*m. Suppose -5*t - 2*z + 528 + 75 = 0, 5*z = -t + 139. Suppose -5*f + m = -t. What is the greatest common divisor of f and 17?
17
Let j be (-4 - (-2 + -631)) + -1 + 4. What is the greatest common factor of j and 8?
8
Let o = 50 + -47. Suppose -o*w - 6*w = -207. What is the highest common divisor of 184 and w?
23
Suppose x + 8*x = -54. Let g be (x/1)/((-3)/18). What is the greatest common divisor of g and 54?
18
Let j be (-1)/(1 - 81/78). Suppose -6*l = -7*l + j. Calculate the highest common divisor of 65 and l.
13
Let t = -34 + 47. Let f be (0 - 1) + (21 - 18). Suppose 3*x = -5*i + 582, x + x + f = 0. Calculate the highest common divisor of i and t.
13
Let l = 34 + -48. Let j = l - -20. What is the greatest common divisor of 78 and j?
6
Let o = 1196 + -1176. Calculate the highest common divisor of o and 410.
10
Let u = 15 - 32. Let p be (u + -5)/((-2)/2). Suppose 0 = l - 14 - p. Calculate the highest common factor of l and 9.
9
Suppose -3*v = -2*v + 1. Let z(f) = 2*f**2 + 2*f + 2. Let g be z(v). What is the greatest common divisor of g and 8?
2
Suppose -5892 = 6*w - 6060. Calculate the highest common divisor of w and 16.
4
Let d = 696 - 465. Let m be (-15)/(15/4) - -9. Suppose 56 - d = -m*l. Calculate the highest common divisor of 5 and l.
5
Let j(a) = -a**2 + 10*a - 2. Let t be 3/(-12) + (-37)/(-4). Let o be j(t). What is the highest common divisor of o and 7?
7
Let o be ((-5)/10)/((-1)/366*3). Calculate the highest common factor of o and 183.
61
Suppose 0 = g + 4*g + 5*n - 40, 2*g - 9 = 5*n. Suppose g*i - 4*i - 31 = -c, 0 = 3*i + 3*c - 33. What is the greatest common divisor of 70 and i?
10
Let c be (-22)/(-11) - (-3)/1. Suppose 8*v + 9 = c*v - 5*t, 3*v = -t + 3. Suppose m = v - 1. What is the highest common factor of m and 9?
1
Suppose -2*l + 152 = 2*w, 3*w + 2*l - 225 + 1 = 0. Calculate the greatest common divisor of w and 60.
12
Let k = 227 - -115. What is the highest common factor of 18 and k?
18
Let r = -379 + 391. Suppose 0 = 3*u + 5 - 17. Calculate the greatest common divisor of r and u.
4
Let o = 331 - -65. Suppose 45 = 4*x + z - o, 0 = 5*x + 2*z - 552. Calculate the highest common factor of 22 and x.
22
Suppose -9 = -355*c + 352*c. Suppose 1 = c*x - 3*g - 41, x + g = 10. Suppose -67 - 29 = -s. What is the highest common divisor of s and x?
12
Let z(r) = r**3 - 9*r**2 + 403. Let u be z(0). What is the highest common factor of u and 13?
13
Let k be (-9)/(-4)*(-2432)/(-228). What is the highest common factor of k and 120?
24
Let j(m) = 13*m + 321. Let o be j(-24). Calculate the highest common divisor of 111 and o.
3
Let c(u) = u**3 + 16*u**2 + 14*u + 21. Let s be c(-15). What is the greatest common factor of 24 and s?
12
Let g = 20 - 7. Let l = g + -10. Suppose 0 = 3*j - l*b + 6, 5*j + b = 4*b. Calculate the highest common divisor of 1 and j.
1
Let h be (3/(-2))/(-3)*12. Let p = h - 2. Suppose -p*g = -3*w + 88, -2*g + 0*g = -5*w + 128. Calculate the highest common factor of 60 and w.
12
Suppose 0 = -v - 2*h - 6, -2*v + 2 = h - 1. Let g be (-11)/((v/(-11))/4). What is the highest common factor of g and 11?
11
Let a(x) = 11*x + 148. Let o be a(-13). Let r = 40 + -30. Calculate the greatest common divisor of o and r.
5
Let k(u) = 6*u**2 - 4*u + 2. Let c be 5 + -3*(-1 + (-4)/(-2)). Let y be k(c). Calculate the greatest common factor of y and 81.
9
Let m = 56 + -59. Let k be (m/(-2))/(5/110*1). Calculate the greatest common factor of k and 44.
11
Let t = 31 - 35. Let k be (-30)/t*28/21. Let p be 2/8 + 319/4. Calculate the highest common divisor of k and p.
10
Let o(l) be the first derivative of -55*l**4/4 - l**2/2 - l - 5. Let j be o(-1). Let b = 26 + j. Calculate the greatest common divisor of b and 9.
9
Let g = 828 + -744. Let c(x) = 2*x + 4. Let n = -6 + 10. Let i be c(n). What is the highest common divisor of g and i?
12
Suppose 0 = -s - 6 - 2. Let u = s - -41. What is the greatest common factor of 66 and u?
33
Suppose -1 - 23 = -4*m. Suppose 1 - 25 = -4*u. Calculate the greatest common factor of m and u.
6
Let s be (-3246)/(-3) - ((-55)/11 + 4). Calculate the greatest common factor of s and 57.
57
Let l = -1500 - -1502. Let w = 5 - 2. Suppose 3*s - 24 = -0*m + w*m, -4*m + 8 = s. What is the highest common factor of s and l?
2
Suppose -20*c = -21*c + 2. Suppose 4*s = -0*d - d + 2, 0 = 3*d - 3*s - 21. Suppose 2*j + j = d. Calculate the highest common factor of j and c.
2
Let q(v) = 2*v - 27. Suppose 0 = -y + 16 + 4. Let k be q(y). What is the highest common divisor of 26 and k?
13
Suppose -24*o + 119 = -121. Calculate the greatest common divisor of 540 and o.
10
Let j be 69/15 + 2/5. Let v be 0 + 84 + (-20)/j. What is the greatest common factor of v and 10?
10
Let n be (-286)/(-715) - 166/(-10). Calculate the highest common factor of 595 and n.
17
Suppose -31*h + 33*h - 172 = -4*l, -5*h + 442 = 4*l. What is the greatest common factor of 1140 and h?
30
Suppose 5*v = 15, 3*f + f - 462 = -2*v. Suppose 2*m - 2*o + 4*o = f, 3*m - 2*o = 156. What is the greatest common divisor of 36 and m?
18
Suppose 0 = 5*w + 43 + 42. Let v = 21 + w. Suppose 6*g - v*g = 110. What is the highest common divisor of g and 5?
5
Let t = -43 + 63. Let r be (4 + (-124)/t)*-15. Let x be 1 - (1 + -1 + -10). What is the highest common divisor of x and r?
11
Let f be 10/(-3)*(-15)/10. Let t be -1*2*-5 - -2. Suppose 0 = j - f*j + t. What i